y(m)?
4
Suppose 0 = -17*u + 12*u + 35. Suppose 0 = u*l - 9*l + 8. What is the units digit of l?
4
Let q be 14/63 + 101/(-9). Let j(r) = -r**2 - 12*r + 9. Let h be j(q). What is the tens digit of h/3*30/8?
2
Let c(u) be the third derivative of -u**5/60 - u**4/2 + 13*u**3/6 + 9*u**2. What is the tens digit of c(-9)?
4
Suppose 22 = 7*s - 2211. What is the tens digit of s?
1
Let w = 49 + -15. Let y be -3*1 + 3 + w. Let i = y - 5. What is the tens digit of i?
2
Let u be -2 + (-5 - (-2)/2). Let l(t) = -t**3 + 6*t**2 - t - 7. Let k be l(6). Let s = u - k. What is the units digit of s?
7
Let j(b) = b**2 - 8*b + 5. Let o be j(8). What is the units digit of o + -7 + (6 - 1 - -1)?
4
Let m(w) = 2*w**2 + 61*w - 27. What is the units digit of m(-32)?
9
Let g(v) = 2*v**2 + 14*v - 6. Suppose -35 = 3*f + 5*i, -3*i - 4 + 1 = 0. Let y be g(f). Suppose 4*c - y = 2*c. What is the tens digit of c?
2
Let u(q) = -q**3 + 6*q + 7. Let c be u(-5). Suppose 0 = -4*w - 2*w + c. What is the tens digit of w?
1
Suppose -j + 31 = o, -3*o - 57 = 5*j - 214. Let m = j - 16. What is the units digit of m?
6
Let b(o) = -3084*o - 1. What is the tens digit of b(-1)?
8
Suppose -108 = 3*m - 318. Let t = -48 + 25. Let x = t + m. What is the units digit of x?
7
Suppose -2*p - 10 = -p - 3*z, z = 3*p - 10. Suppose 2*k - 4*k = p*l - 592, l - 2*k = 128. What is the hundreds digit of l?
1
Let t be (-70)/15*1/(7/(-6)). Suppose t*j = 5*g + 2*j - 382, 3*g - 229 = j. What is the units digit of g?
6
Suppose -5 = 2*f - 15. Suppose 0 = 5*t + f*j - 1520, -1520 = -5*t + 3*j + j. What is the tens digit of t?
0
Let b = -1236 - -771. What is the hundreds digit of -3 + 0 + -2*b/6?
1
Let w = -75 + 80. Suppose 10*s + 1110 = w*f + 5*s, 242 = f + 4*s. What is the hundreds digit of f?
2
Let d(z) = 145*z - 5. What is the units digit of d(5)?
0
Let x = -14 - -154. Suppose -5*z + 70 + x = 0. What is the tens digit of z?
4
Let n(h) = -h**3 + 7*h**2 + h + 4. Let s be n(7). Suppose -4*a = -2*d + 3 + s, -a = -3*d + 31. What is the units digit of 0 + 3 - d/11?
2
Suppose -b - x = -6, 5*b - x = 22 - 4. Suppose 3*v + v = b*n + 212, -n = 3*v - 175. What is the units digit of v?
7
Let r(i) = 2*i - 14. Let h be r(7). Suppose h = -2*y + 21 + 167. What is the tens digit of y?
9
Suppose -5782*x + 5779*x + 5838 = 0. What is the tens digit of x?
4
Let w = 33 - 33. Suppose w = -8*y + 56 + 120. What is the units digit of y?
2
Suppose -51*s = -40*s - 2607. What is the hundreds digit of s?
2
Suppose 31*o - 26*o = 1530. What is the tens digit of 4 + o - (-4)/1?
1
Suppose 7*h - 5*h = 2*s - 720, -5*s + 4*h + 1796 = 0. What is the hundreds digit of s?
3
Let x = 1069 + -684. What is the units digit of x?
5
Suppose -71287 = -54*u + 49403. What is the hundreds digit of u?
2
What is the units digit of 2/(-3 + 14409/4797)?
3
Suppose 0 = 8*u - 2*u + 84. Let j(c) = c**2 + 8*c + 11. What is the units digit of j(u)?
5
What is the hundreds digit of (64/(-4))/((-4)/58)?
2
Let y(g) = -5*g - 1. Let i be y(-9). Let m = i - 30. What is the tens digit of m?
1
Let o(d) = d - 6. Let y be o(16). Let j(f) = -3*f - f - y - f + f. What is the tens digit of j(-10)?
3
Let z(v) = v**3 + 6*v**2 - 8*v - 9. Suppose -f + 0*d + 3*d - 15 = 0, 4*d = -5*f - 18. What is the tens digit of z(f)?
3
Suppose 3*y - 11 = 25. Let h be (39/4)/(y/32). Let p = h + -23. What is the units digit of p?
3
Suppose 0 = -4*n + 5*p + 1395, 5*p = n + 7*p - 339. What is the tens digit of n?
4
Suppose 1130 = 12*l - 610. What is the hundreds digit of l?
1
Let u(w) = -w**3 + 12*w**2 - w + 12. Let m be u(12). Let l = 37 + m. What is the units digit of l?
7
Suppose -3 = 3*h - 6. Let i = 3 - h. Suppose -i*s - 2*s - q = -66, 4*q + 8 = 0. What is the tens digit of s?
1
Let q(a) = 8*a**3 - 56*a**2 + 15*a. What is the tens digit of q(8)?
3
Suppose 4*v - 1223 = 577. What is the hundreds digit of v?
4
Suppose 0 = -w + 5*w - 4. Suppose f - w = 5. Suppose 0 = 11*a - f*a - 50. What is the tens digit of a?
1
Let f(o) = -5*o + 96. What is the units digit of f(-14)?
6
What is the tens digit of 4/(-9) - (-47215)/63?
4
Suppose y + 10 = -4*w, -5*w + w - 12 = 0. Let r be 2/((-1)/3*-2). Suppose 64 = 4*o + 5*j - 157, r*j + 105 = y*o. What is the tens digit of o?
5
Let a(w) = w**2 - w. Let k be a(4). Suppose 5*h = h + k. Suppose -2*j = o + 3, 20 = 2*j + 3*j - h*o. What is the units digit of j?
1
Let z be 12/(-9)*(-27)/12. Let p(q) = -4*q**2 - 2*q**2 - 9*q - 4*q**3 + z*q**3 + 2 - 2*q**2. What is the units digit of p(-7)?
6
Let n(t) = t**3 - 3*t**2 - 2*t. Let z be n(5). Let o be (15/(-25))/((-1)/5). Suppose -u - z = -4*f + 2*u, -o*u = 0. What is the tens digit of f?
1
Let f be 9*(1 + (-6)/9). Suppose 2*o + 4*s = 7 + 17, 13 = -o + f*s. Suppose k - 4*k + 25 = o*z, -3*k - 15 = 0. What is the tens digit of z?
2
Suppose 4*t - b - 10554 = -1449, -2*t + 4525 = 5*b. What is the tens digit of t?
7
Let y = 1198 - 683. What is the tens digit of y?
1
Suppose 11*l - 7*l - 408 = 0. What is the tens digit of l?
0
Suppose -28 = -3*z - 13. Suppose 2*a = -f + 5, 0 = -7*f + 2*f - z. What is the tens digit of -9*(-7)/a + 3?
2
Let w be (-2 + (-15)/(-9))/(5/15). What is the tens digit of (1/w)/((-4)/(-268))*-1?
6
Let q = 4186 - -43. What is the units digit of q?
9
Let i = -234 + 399. What is the units digit of i?
5
Let q = 4071 + -2610. What is the thousands digit of q?
1
Let q(u) = 6*u + 53. What is the units digit of q(18)?
1
Let c be 2/4 - (-2570)/20. Let k = c + -77. What is the units digit of k?
2
Let v be (2 - -2) + (-199 - 7). Let m = -49 - v. What is the hundreds digit of m?
1
Let u(j) = -j**3 - 31*j**2 - 27*j + 71. What is the units digit of u(-31)?
8
Suppose 2*y + y + 2058 = 0. Let u be (-4)/(-10) - y/35. What is the units digit of (7 + -6)*(u + 1)?
1
Let b(z) = -49*z**3 + z**2 - 1. Let j be b(1). Let k = j + 87. What is the tens digit of k?
3
Suppose 16*i = -4*v + 13*i + 22, v = 3*i - 2. Suppose 0 = 3*o - 2*y - 779, v*o = 2*y - 6*y + 1012. What is the hundreds digit of o?
2
Let o(m) = 20 + 233*m - 114*m - 121*m. Let r(v) = 3*v - 2. Let t be r(3). What is the units digit of o(t)?
6
Let k(s) = -3*s**2 - 11*s - 8. Let c be k(-4). What is the units digit of c/4 + (-7)/((-7)/120)?
7
Suppose -4*l = 8 + 12. Suppose -7*y - 12 = 2. What is the units digit of 36/30*l/y?
3
Let k(n) = -n**3 + 6*n**2 + 4*n - 10. Suppose 0 = -3*u + 7 + 11. What is the tens digit of k(u)?
1
Suppose 5*p - 360 = -5*h, -12*h + 13*h - 52 = 4*p. What is the tens digit of h?
6
Let q(k) = 53*k**2 + 2*k - 5. Let l(g) = 80*g**2 + 3*g - 7. Let b(s) = 5*l(s) - 7*q(s). What is the tens digit of b(-1)?
2
Let d(n) = 98*n + 34. What is the hundreds digit of d(2)?
2
Suppose 0 = n - 5 - 1. Let w be -2*(-3)/((-9)/n). What is the units digit of (w/8)/(2/(-28))?
7
Suppose 6 = 2*x - 2. Suppose -5*m = -2*s + 64, x*s + 3*m - m = 176. What is the tens digit of s?
4
Let h be ((-146700)/(-27))/(-5)*(-3)/2. Suppose 3*l - 5*x - 978 = 0, -5*l + 4*x = -0*l - h. What is the hundreds digit of l?
3
Let o = 3323 + -1719. What is the thousands digit of o?
1
Suppose 2746 - 2 = 8*u. What is the hundreds digit of u?
3
What is the tens digit of (2/(-7))/((-19669)/(-3934) + -5)?
2
Let h be (-24)/((-44)/8 - -4). Suppose -13*v = -h*v + 246. What is the tens digit of v?
8
Let o = 3 + -13. Let v(w) = 13*w**2 + 2*w + 1. Let m be v(-1). Let n = o + m. What is the units digit of n?
2
Let h(t) = -5*t - 16. Suppose 2*g = -4*a - 34, -3*g + 0*g + 4*a - 61 = 0. What is the units digit of h(g)?
9
Let c(x) = -5*x - 13. Let w = -15 + 4. What is the units digit of c(w)?
2
Let w be (0 + 2/4)*-4. Let v be w/8 + 705/20. Suppose 4*o = 5*o + 2*i - 14, 0 = 2*o - 3*i - v. What is the tens digit of o?
1
Suppose 9*z + z - 3520 = 0. What is the hundreds digit of z?
3
Let v(i) = 2*i**2 + 58*i + 165. What is the thousands digit of v(-40)?
1
Let i be -160 - (-4 - (-4 - 1)). Let g = -70 - i. What is the units digit of g?
1
Suppose -12 = -4*u + y - 3*y, 5*u - 4*y - 15 = 0. Suppose u*f - 4*d - 23 = 0, 5*f - 81 = -0*d - 4*d. Let h = -1 + f. What is the units digit of h?
2
Let k(s) = 9*s + 15. Let n = -115 - -122. What is the tens digit of k(n)?
7
Let s = -34 + 34. Suppose s = 7*z - 18*z + 396. What is the tens digit of z?
3
Suppose 2*w - w = -3*g - 262, -3*g = -2*w - 479. Let s = w + 461. What is the units digit of s?
4
Suppose